{"version":"1.0","provider_name":"BLOG de ENERGIAS RENOVABLES yTECNOLOGIA","provider_url":"https:\/\/www.maidotips.com\/environment","author_name":"admin","author_url":"https:\/\/www.maidotips.com\/environment\/author\/admin\/","title":"El mapa e\u00f3lico catal\u00e1n, bloqueado - BLOG de ENERGIAS RENOVABLES yTECNOLOGIA","type":"rich","width":600,"height":338,"html":"<blockquote class=\"wp-embedded-content\" data-secret=\"IYWXvpd4bZ\"><a href=\"https:\/\/www.maidotips.com\/environment\/el-mapa-eolico-catalan-bloqueado\/\">El mapa e\u00f3lico catal\u00e1n, bloqueado<\/a><\/blockquote><iframe sandbox=\"allow-scripts\" security=\"restricted\" src=\"https:\/\/www.maidotips.com\/environment\/el-mapa-eolico-catalan-bloqueado\/embed\/#?secret=IYWXvpd4bZ\" width=\"600\" height=\"338\" title=\"\u00abEl mapa e\u00f3lico catal\u00e1n, bloqueado\u00bb \u2014 BLOG de ENERGIAS RENOVABLES yTECNOLOGIA\" data-secret=\"IYWXvpd4bZ\" frameborder=\"0\" marginwidth=\"0\" marginheight=\"0\" scrolling=\"no\" class=\"wp-embedded-content\"><\/iframe><script type=\"text\/javascript\">\n\/* <![CDATA[ *\/\n\/*! This file is auto-generated *\/\n!function(d,l){\"use strict\";l.querySelector&&d.addEventListener&&\"undefined\"!=typeof URL&&(d.wp=d.wp||{},d.wp.receiveEmbedMessage||(d.wp.receiveEmbedMessage=function(e){var t=e.data;if((t||t.secret||t.message||t.value)&&!\/[^a-zA-Z0-9]\/.test(t.secret)){for(var s,r,n,a=l.querySelectorAll('iframe[data-secret=\"'+t.secret+'\"]'),o=l.querySelectorAll('blockquote[data-secret=\"'+t.secret+'\"]'),c=new RegExp(\"^https?:$\",\"i\"),i=0;i<o.length;i++)o[i].style.display=\"none\";for(i=0;i<a.length;i++)s=a[i],e.source===s.contentWindow&&(s.removeAttribute(\"style\"),\"height\"===t.message?(1e3<(r=parseInt(t.value,10))?r=1e3:~~r<200&&(r=200),s.height=r):\"link\"===t.message&&(r=new URL(s.getAttribute(\"src\")),n=new URL(t.value),c.test(n.protocol))&&n.host===r.host&&l.activeElement===s&&(d.top.location.href=t.value))}},d.addEventListener(\"message\",d.wp.receiveEmbedMessage,!1),l.addEventListener(\"DOMContentLoaded\",function(){for(var e,t,s=l.querySelectorAll(\"iframe.wp-embedded-content\"),r=0;r<s.length;r++)(t=(e=s[r]).getAttribute(\"data-secret\"))||(t=Math.random().toString(36).substring(2,12),e.src+=\"#?secret=\"+t,e.setAttribute(\"data-secret\",t)),e.contentWindow.postMessage({message:\"ready\",secret:t},\"*\")},!1)))}(window,document);\n\/* ]]> *\/\n<\/script>\n","description":"La dura posici\u00f3n de ERC est\u00e1 complicando la decisi\u00f3n del Govern sobre la ubicaci\u00f3n de los nuevos parques e\u00f3licos que surjan a la luz de la primera normativa del tripartito en esta materia. El Govern ten\u00eda previsto identificar este mes las zonas aptas para la implantaci\u00f3n de la energ\u00eda e\u00f3lica, en las que estar\u00e1n situadas Leer m\u00e1s ..."}

El mapa eólico catalán, bloqueado - BLOG de ENERGIAS RENOVABLES yTECNOLOGIA

<blockquote class="wp-embedded-content" data-secret="IYWXvpd4bZ"><a href="https://www.maidotips.com/environment/el-mapa-eolico-catalan-bloqueado/">El mapa eólico catalán, bloqueado</a></blockquote><iframe sandbox="allow-scripts" security="restricted" src="https://www.maidotips.com/environment/el-mapa-eolico-catalan-bloqueado/embed/#?secret=IYWXvpd4bZ" width="600" height="338" title="«El mapa eólico catalán, bloqueado» — BLOG de ENERGIAS RENOVABLES yTECNOLOGIA" data-secret="IYWXvpd4bZ" frameborder="0" marginwidth="0" marginheight="0" scrolling="no" class="wp-embedded-content"></iframe><script type="text/javascript">
/* <![CDATA[ */
/*! This file is auto-generated */
!function(d,l){"use strict";l.querySelector&&d.addEventListener&&"undefined"!=typeof URL&&(d.wp=d.wp||{},d.wp.receiveEmbedMessage||(d.wp.receiveEmbedMessage=function(e){var t=e.data;if((t||t.secret||t.message||t.value)&&!/[^a-zA-Z0-9]/.test(t.secret)){for(var s,r,n,a=l.querySelectorAll('iframe[data-secret="'+t.secret+'"]'),o=l.querySelectorAll('blockquote[data-secret="'+t.secret+'"]'),c=new RegExp("^https?:$","i"),i=0;i<o.length;i++)o[i].style.display="none";for(i=0;i<a.length;i++)s=a[i],e.source===s.contentWindow&&(s.removeAttribute("style"),"height"===t.message?(1e3<(r=parseInt(t.value,10))?r=1e3:~~r<200&&(r=200),s.height=r):"link"===t.message&&(r=new URL(s.getAttribute("src")),n=new URL(t.value),c.test(n.protocol))&&n.host===r.host&&l.activeElement===s&&(d.top.location.href=t.value))}},d.addEventListener("message",d.wp.receiveEmbedMessage,!1),l.addEventListener("DOMContentLoaded",function(){for(var e,t,s=l.querySelectorAll("iframe.wp-embedded-content"),r=0;r<s.length;r++)(t=(e=s[r]).getAttribute("data-secret"))||(t=Math.random().toString(36).substring(2,12),e.src+="#?secret="+t,e.setAttribute("data-secret",t)),e.contentWindow.postMessage({message:"ready",secret:t},"*")},!1)))}(window,document);
/* ]]> */
</script>

La dura posición de ERC está complicando la decisión del Govern sobre la ubicación de los nuevos parques eólicos que surjan a la luz de la primera normativa del tripartito en esta materia. El Govern tenía previsto identificar este mes las zonas aptas para la implantación de la energía eólica, en las que estarán situadas Leer más ...
